nits digit of v(l)?
9
Let g = -8 + 21. What is the tens digit of g?
1
Suppose 0 = 2*u + 2 - 8. Let w(k) = 2*k**2 - 5*k + 2. What is the units digit of w(u)?
5
Let w(g) = g**3 - 4*g**2. Let z be w(4). Suppose -6 = c - 11. Suppose z = 5*r - c. What is the units digit of r?
1
Let o = 3 + -3. Suppose o = -3*z - z + 16. What is the units digit of z?
4
Let j(s) = 0*s**2 + 0*s**2 + s + 5*s**2 - s**3 + 0*s**3. What is the units digit of j(4)?
0
Suppose 0 = 16*b - 12*b - 544. What is the units digit of b?
6
Let q(n) = n**2 - 9*n - 3. What is the units digit of q(10)?
7
Let l = 11 - 11. What is the units digit of 26 + (4 - (l - -2))?
8
Let o(f) be the second derivative of 2*f - 1/12*f**4 - 9/2*f**2 - 5/3*f**3 + 0. What is the tens digit of o(-7)?
1
Let i(y) = -y**3 + y - 1. Let q be i(1). What is the tens digit of (-20)/(6/(3/q))?
1
Let b = 16 - 13. Suppose -b*o + 7 + 11 = 0. What is the units digit of o?
6
Suppose 7*y = 2*y + 130. What is the units digit of y?
6
Let c = 230 - 144. What is the tens digit of c?
8
Let u(f) = 4*f**2 - f - 1. Let k be u(-1). Suppose -k*j + 40 = j. What is the units digit of j?
8
Let u = 213 - 94. What is the units digit of u?
9
Let r = 30 + 20. What is the units digit of r?
0
Let o(f) = 14*f - 7. What is the units digit of o(3)?
5
Suppose -12*w + 178 = -3134. What is the tens digit of w?
7
Let f(z) = z**3 + 6*z**2 + 5*z - 1. Let j be f(-5). Let k(h) = -3*h + 1. Let v be k(j). Suppose 5*u - 11 = 4*q, 5*u - u - 8 = v*q. What is the units digit of u?
3
Let m = 29 - 21. Let t be m/3 + 2/6. Suppose t*f - 42 - 15 = 0. What is the units digit of f?
9
Let k = 96 - 59. What is the tens digit of k?
3
Let r(w) = -w**3 + 15*w**2 - 11*w - 1. Let j be r(14). Suppose -143 = -3*o - j. What is the tens digit of o?
3
Let n be (-10)/4*-2*1. Let t = -8 + n. What is the units digit of (t/3)/(4/(-16))?
4
Let j = 7 - 1. Let d be 1 + (j - (-1 - 1)). Let p = 16 - d. What is the units digit of p?
7
What is the hundreds digit of ((-1)/4*-298)/(4/8)?
1
Suppose -92 = -5*k + k. What is the tens digit of k?
2
Suppose 3*p + k - 5 = 9, 5*p - 25 = -2*k. Suppose 3*x + 4*f = 38, -p*f - 2 = -2*x - f. Suppose -z = 2 - x. What is the units digit of z?
4
Let i be 20/6*12/8. Suppose i*w - 2*r + 5 = r, 3*w = 5*r - 19. What is the units digit of -1 + w - 0 - 0?
1
Suppose 4*z - 733 = -5. What is the units digit of z?
2
Let i(c) = -c**2 - c + 2. Let h be i(0). Let v be (-396)/(-10) + (-39)/65. Suppose 4*f + n = v, f + h*n - 4 = 4. What is the tens digit of f?
1
Let o = 158 + -90. Suppose -4*y = 2*f + 40, 25 + o = -3*f + 5*y. Let a = -8 - f. What is the tens digit of a?
1
Let l = -4 - 1. Suppose 0 = s + s - 24. Let q = s + l. What is the units digit of q?
7
Suppose -4*j + 5*r = 36, -r + 4 = -0*r. What is the tens digit of (j/(-5))/(5/100)?
1
Suppose -5*v + 3 + 17 = 0, 4*j = 3*v + 44. What is the tens digit of j?
1
Suppose 81 - 16 = -5*j. Suppose -s + 3*s = -58. Let w = j - s. What is the units digit of w?
6
Suppose 176 = 22*j - 18*j. What is the tens digit of j?
4
What is the tens digit of 9/(-6)*12/9*-20?
4
Suppose 4*s + d = 20 - 0, d = 5*s - 34. What is the units digit of 14 - 5*s/15?
2
Suppose 3*b + m - 1112 = 0, 2*b - 853 = 5*m - 123. What is the units digit of b?
0
Let u(g) = 2*g**3 - 3*g**2 - g + 2. Let v be u(2). Suppose -o - 13 + v = 0. What is the units digit of (-3)/(o/57) - 3?
6
Let a = -1 + 1. Suppose -5*z + 9 + 11 = a. What is the units digit of z?
4
Let a be (0 - 1) + (-1 - -6). Let f(r) = -3*r**2 + 26*r + 20. Let k(u) = u**2 - 9*u - 7. Let c(q) = -6*f(q) - 17*k(q). What is the units digit of c(a)?
3
Let x = 60 - 91. Let m = 15 - x. What is the tens digit of m?
4
Let k(i) = 2*i - 2*i + 2 - 2*i. Let g be k(4). Let h(c) = c**3 + 5*c**2 - 8*c - 5. What is the units digit of h(g)?
7
Suppose -o - 3*o = -y - 210, 3*y = 5*o - 266. What is the units digit of o?
2
Suppose 3*c - p = 7, 3*c - 14 - 1 = -3*p. Let w = c - 5. Let k = w - -8. What is the units digit of k?
6
Let v(z) = z**2 + z - 2. Let k be v(-4). Let f be 4 - 5/(k/4). Suppose -3*o + f = u - 5, o = 3*u - 1. What is the units digit of u?
1
Suppose 2*h - 9 = -1. Suppose -h*j + 2*j + 4 = 0, 0 = -4*b + 4*j + 32. What is the units digit of b?
0
Let w = 819 - 528. What is the units digit of w?
1
Let c = 53 - 23. What is the units digit of c?
0
What is the tens digit of 225/(-18)*(-16)/10?
2
Let t be 1 + -48*(-4)/3. Suppose -3*u + t = 20. Suppose 0 = g + 4*g - u. What is the units digit of g?
3
Let c = 4 + -1. Suppose -c*r = -4*r + 10. What is the tens digit of r?
1
Suppose -3*m + 0*x + 5*x = 3, -5*x = 2*m - 23. What is the units digit of (-2 - (-14)/m)*22?
3
Let o be (26 - 1) + -1 + 3. Suppose -2*s - s = -o. Suppose -3*z - s = -6*z. What is the units digit of z?
3
Let c = 2 + 6. Suppose -4*z + 5*z - 4 = 4*n, -3*n - c = -z. What is the tens digit of z?
2
Suppose -4*h = -3*v + 109, -3*v + 7*v - 146 = 5*h. What is the tens digit of v?
3
Suppose 4*f - 129 = -17. What is the units digit of f?
8
Suppose -k + 40 = 2*s + 3*k, -130 = -5*s + 5*k. What is the units digit of s?
4
Let a(h) = 67*h**2 + h - 1. What is the tens digit of a(-1)?
6
Let j = 135 + -96. Let s be (17/5 - 3)*10. Suppose -j = -5*p - 2*n + 4*n, 8 = -s*n. What is the units digit of p?
7
Let g(q) = 5*q + 20. Let j be g(-8). Let x = 27 + j. What is the units digit of x?
7
What is the tens digit of -3*3/((-12)/116)?
8
Suppose 0 = 5*f - 3*x - 12, 4*x = -f - f + 10. Suppose -f*q = -q. Suppose -a + 2 = -q. What is the units digit of a?
2
Let v = 205 - 143. What is the units digit of v?
2
Let n = -8 - -11. Let l be 2 - 4/((-8)/6). Suppose -n = 4*x - l*x. What is the units digit of x?
3
Suppose -1 = -3*s - 5*y + 2, 4*y = 2*s - 2. Let o(d) = d**3 + 6*d**2 + 5*d - 2. Let q be o(-5). What is the units digit of 5 + s + (0 - q)?
8
Let t(j) = 25*j**2 - 8*j - 21. What is the tens digit of t(-3)?
2
Suppose 4*h = 3*h + 4*x - 31, 4*h = -5*x - 124. Let j = 1 - h. What is the tens digit of j?
3
Let z(n) = n**3 - 5*n**2 - 11*n + 9. What is the units digit of z(7)?
0
Let q(c) = c**2 + 4*c - 5. Let s be q(-4). Let p = s - -14. Suppose 4*z + p = 5*t, 0 = 2*t - 13 + 3. What is the units digit of z?
4
Suppose -5*s = -5*d - 5, -3 = -2*s + 3*d + 1. What is the units digit of (8/(-6))/(s/6)?
8
Let m(t) = t + 8. What is the units digit of m(-7)?
1
Let p(k) = 16*k**2 + 11*k. Let b(z) = -3*z**2 - 2*z. Let u(v) = 33*b(v) + 6*p(v). Let s be u(1). What is the units digit of 22 + 0 + s + 2?
1
Let d(a) = -26*a**3 - a - 1. What is the units digit of d(-1)?
6
Let w be -1 + (-3 - -6)/1. Suppose w*s - 5 = 23. What is the tens digit of s?
1
Let i = 2 - 1. Let g be (-1 - -1 - i) + 20. Let p = g - 10. What is the units digit of p?
9
Let w(b) be the second derivative of b**5/20 + b**4/12 + b**3/6 + 7*b**2 - b. Let l be w(0). Let m = l + -9. What is the units digit of m?
5
Let z(r) = r + 4. Let i be z(-9). Let t = i + 11. What is the units digit of t?
6
Let c(f) = -10*f - 5*f - 9 + 4*f. What is the tens digit of c(-4)?
3
Suppose 4 = -0*f - f. Let o = 8 + f. What is the units digit of (2/o)/(7/84)?
6
Let s = 32 + 8. Suppose -4*f - s = -0*f. What is the units digit of (4/f)/((-3)/30)?
4
Suppose -4*j - 4*f - 328 = -876, 0 = j + 2*f - 138. What is the hundreds digit of j?
1
Suppose 10*h - 5*h = 2020. What is the units digit of h?
4
Let a(g) = g**3 - g**2 - g - 2. Let n be a(0). Let i = n - 3. What is the units digit of (4/6)/(i/(-30))?
4
Let c = 3 - 1. What is the tens digit of 3/(6/25)*c?
2
Let w(k) = k**2 - 4*k + 4. Let y be w(4). Let a(v) = -4*v + v**3 + 3*v + y*v**2 - 2*v**2 + 3*v**3. What is the units digit of a(1)?
5
Let o = 222 - 142. What is the units digit of o?
0
Let t = 17 + -9. What is the units digit of 11/(0 + 2/t)?
4
Let w(s) = s**3 + 3*s**2 - 2*s - 1. What is the units digit of w(-3)?
5
Let i(b) = b**3 - b + 3. Let f be i(0). Let w(h) = f + h**2 - 4 + h + 2 - 18*h**3. What is the units digit of w(-1)?
9
Let w(s) = -3*s**2 - 9*s + 3. Let l be w(-7). What is the tens digit of -2*(2 + l/6)?
2
Let q(o) = o**2 - 5*o + 9. What is the tens digit of q(6)?
1
Let y(z) = -z**3 + z**2 + 2*z + 1. Let o be y(2). Let c = o + -1. Suppose 5*f - 17 - 3 = c. What is the units digit of f?
4
Let t(d) = 17*d - 5. What is the units digit of t(5)?
0
Suppose u - 1 = -4*w, 3*w - 5 = u - 6*u. Suppose -3*q + 